{"id":882,"date":"2022-01-19T15:16:47","date_gmt":"2022-01-19T14:16:47","guid":{"rendered":"https:\/\/habitat-ecologique.int34.fr\/?page_id=882"},"modified":"2022-01-19T18:55:16","modified_gmt":"2022-01-19T17:55:16","slug":"radiateurs-plafond-de-la-serie-vh-pour-montage-en-saillie","status":"publish","type":"page","link":"https:\/\/int34.ddns.net\/habitat\/radiateurs-plafond-de-la-serie-vh-pour-montage-en-saillie\/","title":{"rendered":"Radiateurs plafond de la s\u00e9rie VH pour montage en saillie"},"content":{"rendered":"\n\n\n\n\n\n<h4>Radiateurs plafond de la s\u00e9rie VH pour montage en saillie<\/h4>\n\n\n\n\n\n<p><strong>Les radiateurs plafond de la s\u00e9rie VH sont fabriqu\u00e9s sous forme d&rsquo;\u00e9l\u00e9ments en verre sans cadre dans une structure sandwich.<\/strong><\/p>\n\n\n\n\n<p style=\"text-align: justify\">Ils sont constitu\u00e9s d&rsquo;une vitre en verre ESG satin\u00e9 de 5 mm d&rsquo;\u00e9paisseur, couleur blanc RAL 9010, qui est chauff\u00e9e \u00e0 l&rsquo;arri\u00e8re par une couche chauffante qui convertit l&rsquo;\u00e9nergie \u00e9lectrique en chaleur. La couche est renforc\u00e9e de fibres de verre et noy\u00e9e dans une masse plastique. Le dos est efficacement isol\u00e9 thermiquement et compl\u00e9t\u00e9 par une couverture en aluminium qui enferme \u00e9galement les c\u00f4t\u00e9s. La temp\u00e9rature de surface maximale est de 190 \u00b0C.<\/p><\/br \/>\n<p style=\"text-align: justify\">Les \u00e9l\u00e9ments chauffants infrarouges de la s\u00e9rie VH conviennent pour un montage en saillie au plafond ou peuvent \u00eatre suspendus au plafond sur des c\u00e2bles \u00e0 l&rsquo;aide du kit de suspension par c\u00e2ble VZS-VH. Pour le raccordement au secteur, les \u00e9l\u00e9ments chauffants sont \u00e9quip\u00e9s d&rsquo;une fiche sur le couvercle de l&rsquo;appareil correspondant au c\u00e2ble fourni s\u00e9par\u00e9ment et \u00e0 la prise de raccordement. Les \u00e9l\u00e9ments chauffants sont fournis sans prise Schuko et ne peuvent donc \u00eatre install\u00e9s que par un sp\u00e9cialiste.<\/p><br \/>\n<p style=\"text-align: justify\">Utilisation stationnaire, pour le contr\u00f4le de la temp\u00e9rature dans des pi\u00e8ces ferm\u00e9es d&rsquo;une hauteur maximale de 4 m, de pr\u00e9f\u00e9rence dans l&rsquo;environnement de vie et de travail. Pour un fonctionnement conforme \u00e0 l&rsquo;\u00e9coconception, ces \u00e9l\u00e9ments chauffants infrarouges doivent \u00eatre \u00e9quip\u00e9s d&rsquo;une r\u00e9gulation externe de la temp\u00e9rature.<\/p><br \/>\n\n\n\n\n\n\n\n<p style=\"font-style: italic\">Les thermostats d&rsquo;ambiance sans fil se composent d&rsquo;une t\u00e9l\u00e9commande, qui sert de capteur de temp\u00e9rature ambiante radio pour mesurer la temp\u00e9rature dans la pi\u00e8ce et d&rsquo;\u00e9metteur, et d&rsquo;au moins un r\u00e9cepteur radio en tant que r\u00e9gulateur, qui est c\u00e2bl\u00e9 directement \u00e0 un \u00e9l\u00e9ment chauffant.<\/p>\n<p style=\"font-style: italic\">Le fonctionnement conforme \u00e0 l&rsquo;\u00e9coconception des \u00e9l\u00e9ments chauffants stationnaires ou radiants sup\u00e9rieurs \u00e0 1,2 kW n\u00e9cessite l&rsquo;installation d&rsquo;un ou plusieurs contacts de fen\u00eatre ou d&rsquo;une passerelle en option de t\u00e9l\u00e9commande. Si la puissance install\u00e9e d\u00e9passe la puissance de commutation sp\u00e9cifi\u00e9e du r\u00e9cepteur radio respectif, les \u00e9l\u00e9ments chauffants doivent \u00eatre commut\u00e9s via des r\u00e9cepteurs suppl\u00e9mentaires.<\/p>\n<p style=\"font-style: italic\">Le facteur de correction F(3) pour l&rsquo;option contact de fen\u00eatre et t\u00e9l\u00e9commande peut \u00eatre ajout\u00e9.<\/p><br \/>\n<p><strong>Vid\u00e9o d&rsquo;installation d&rsquo;un radiateur plafond \u00e0 accrocher de la s\u00e9rie VH<\/strong><\/p><br \/>\n\n\n\n\n\n\n\n\n\n\n\n\n\n\n","protected":false},"excerpt":{"rendered":"","protected":false},"author":1,"featured_media":0,"parent":0,"menu_order":0,"comment_status":"closed","ping_status":"closed","template":"","meta":{"pagelayer_contact_templates":[],"_pagelayer_content":"","footnotes":""},"class_list":["post-882","page","type-page","status-publish","hentry"],"yoast_head":"<!-- This site is optimized with the Yoast SEO plugin v27.3 - https:\/\/yoast.com\/product\/yoast-seo-wordpress\/ -->\r\n<title>Radiateurs plafond de la s\u00e9rie VH pour montage en saillie - Infradesign l&#039;infrarouge long design<\/title>\r\n<meta name=\"robots\" content=\"index, follow, max-snippet:-1, max-image-preview:large, max-video-preview:-1\" \/>\r\n<link rel=\"canonical\" href=\"https:\/\/int34.ddns.net\/habitat\/radiateurs-plafond-de-la-serie-vh-pour-montage-en-saillie\/\" \/>\r\n<meta property=\"og:locale\" content=\"fr_FR\" \/>\r\n<meta property=\"og:type\" content=\"article\" \/>\r\n<meta property=\"og:title\" content=\"Radiateurs plafond de la s\u00e9rie VH pour montage en saillie - Infradesign l&#039;infrarouge long design\" \/>\r\n<meta property=\"og:url\" content=\"https:\/\/int34.ddns.net\/habitat\/radiateurs-plafond-de-la-serie-vh-pour-montage-en-saillie\/\" \/>\r\n<meta property=\"og:site_name\" content=\"Infradesign l&#039;infrarouge long design\" \/>\r\n<meta property=\"article:modified_time\" content=\"2022-01-19T17:55:16+00:00\" \/>\r\n<meta name=\"twitter:card\" content=\"summary_large_image\" \/>\r\n<meta name=\"twitter:label1\" content=\"Dur\u00e9e de lecture estim\u00e9e\" \/>\n\t<meta name=\"twitter:data1\" content=\"2 minutes\" \/>\r\n<script type=\"application\/ld+json\" class=\"yoast-schema-graph\">{\"@context\":\"https:\\\/\\\/schema.org\",\"@graph\":[{\"@type\":\"WebPage\",\"@id\":\"https:\\\/\\\/int34.ddns.net\\\/habitat\\\/radiateurs-plafond-de-la-serie-vh-pour-montage-en-saillie\\\/\",\"url\":\"https:\\\/\\\/int34.ddns.net\\\/habitat\\\/radiateurs-plafond-de-la-serie-vh-pour-montage-en-saillie\\\/\",\"name\":\"Radiateurs plafond de la s\u00e9rie VH pour montage en saillie - Infradesign l&#039;infrarouge long design\",\"isPartOf\":{\"@id\":\"https:\\\/\\\/int34.ddns.net\\\/habitat\\\/#website\"},\"datePublished\":\"2022-01-19T14:16:47+00:00\",\"dateModified\":\"2022-01-19T17:55:16+00:00\",\"breadcrumb\":{\"@id\":\"https:\\\/\\\/int34.ddns.net\\\/habitat\\\/radiateurs-plafond-de-la-serie-vh-pour-montage-en-saillie\\\/#breadcrumb\"},\"inLanguage\":\"fr-FR\",\"potentialAction\":[{\"@type\":\"ReadAction\",\"target\":[\"https:\\\/\\\/int34.ddns.net\\\/habitat\\\/radiateurs-plafond-de-la-serie-vh-pour-montage-en-saillie\\\/\"]}]},{\"@type\":\"BreadcrumbList\",\"@id\":\"https:\\\/\\\/int34.ddns.net\\\/habitat\\\/radiateurs-plafond-de-la-serie-vh-pour-montage-en-saillie\\\/#breadcrumb\",\"itemListElement\":[{\"@type\":\"ListItem\",\"position\":1,\"name\":\"Accueil\",\"item\":\"https:\\\/\\\/int34.ddns.net\\\/habitat\\\/\"},{\"@type\":\"ListItem\",\"position\":2,\"name\":\"Radiateurs plafond de la s\u00e9rie VH pour montage en saillie\"}]},{\"@type\":\"WebSite\",\"@id\":\"https:\\\/\\\/int34.ddns.net\\\/habitat\\\/#website\",\"url\":\"https:\\\/\\\/int34.ddns.net\\\/habitat\\\/\",\"name\":\"Infradesign l&#039;infrarouge long design\",\"description\":\"L&#039;expert de l&#039;infrarouge long, chauffage infrarouges\",\"publisher\":{\"@id\":\"https:\\\/\\\/int34.ddns.net\\\/habitat\\\/#organization\"},\"potentialAction\":[{\"@type\":\"SearchAction\",\"target\":{\"@type\":\"EntryPoint\",\"urlTemplate\":\"https:\\\/\\\/int34.ddns.net\\\/habitat\\\/?s={search_term_string}\"},\"query-input\":{\"@type\":\"PropertyValueSpecification\",\"valueRequired\":true,\"valueName\":\"search_term_string\"}}],\"inLanguage\":\"fr-FR\"},{\"@type\":\"Organization\",\"@id\":\"https:\\\/\\\/int34.ddns.net\\\/habitat\\\/#organization\",\"name\":\"LH Diffusion - Les Habitats\",\"url\":\"https:\\\/\\\/int34.ddns.net\\\/habitat\\\/\",\"logo\":{\"@type\":\"ImageObject\",\"inLanguage\":\"fr-FR\",\"@id\":\"https:\\\/\\\/int34.ddns.net\\\/habitat\\\/#\\\/schema\\\/logo\\\/image\\\/\",\"url\":\"https:\\\/\\\/habitat-ecologique.int34.fr\\\/wp-content\\\/uploads\\\/2022\\\/01\\\/logo.png\",\"contentUrl\":\"https:\\\/\\\/habitat-ecologique.int34.fr\\\/wp-content\\\/uploads\\\/2022\\\/01\\\/logo.png\",\"width\":380,\"height\":115,\"caption\":\"LH Diffusion - Les Habitats\"},\"image\":{\"@id\":\"https:\\\/\\\/int34.ddns.net\\\/habitat\\\/#\\\/schema\\\/logo\\\/image\\\/\"}}]}<\/script>\r\n<!-- \/ Yoast SEO plugin. -->","yoast_head_json":{"title":"Radiateurs plafond de la s\u00e9rie VH pour montage en saillie - Infradesign l&#039;infrarouge long design","robots":{"index":"index","follow":"follow","max-snippet":"max-snippet:-1","max-image-preview":"max-image-preview:large","max-video-preview":"max-video-preview:-1"},"canonical":"https:\/\/int34.ddns.net\/habitat\/radiateurs-plafond-de-la-serie-vh-pour-montage-en-saillie\/","og_locale":"fr_FR","og_type":"article","og_title":"Radiateurs plafond de la s\u00e9rie VH pour montage en saillie - Infradesign l&#039;infrarouge long design","og_url":"https:\/\/int34.ddns.net\/habitat\/radiateurs-plafond-de-la-serie-vh-pour-montage-en-saillie\/","og_site_name":"Infradesign l&#039;infrarouge long design","article_modified_time":"2022-01-19T17:55:16+00:00","twitter_card":"summary_large_image","twitter_misc":{"Dur\u00e9e de lecture estim\u00e9e":"2 minutes"},"schema":{"@context":"https:\/\/schema.org","@graph":[{"@type":"WebPage","@id":"https:\/\/int34.ddns.net\/habitat\/radiateurs-plafond-de-la-serie-vh-pour-montage-en-saillie\/","url":"https:\/\/int34.ddns.net\/habitat\/radiateurs-plafond-de-la-serie-vh-pour-montage-en-saillie\/","name":"Radiateurs plafond de la s\u00e9rie VH pour montage en saillie - Infradesign l&#039;infrarouge long design","isPartOf":{"@id":"https:\/\/int34.ddns.net\/habitat\/#website"},"datePublished":"2022-01-19T14:16:47+00:00","dateModified":"2022-01-19T17:55:16+00:00","breadcrumb":{"@id":"https:\/\/int34.ddns.net\/habitat\/radiateurs-plafond-de-la-serie-vh-pour-montage-en-saillie\/#breadcrumb"},"inLanguage":"fr-FR","potentialAction":[{"@type":"ReadAction","target":["https:\/\/int34.ddns.net\/habitat\/radiateurs-plafond-de-la-serie-vh-pour-montage-en-saillie\/"]}]},{"@type":"BreadcrumbList","@id":"https:\/\/int34.ddns.net\/habitat\/radiateurs-plafond-de-la-serie-vh-pour-montage-en-saillie\/#breadcrumb","itemListElement":[{"@type":"ListItem","position":1,"name":"Accueil","item":"https:\/\/int34.ddns.net\/habitat\/"},{"@type":"ListItem","position":2,"name":"Radiateurs plafond de la s\u00e9rie VH pour montage en saillie"}]},{"@type":"WebSite","@id":"https:\/\/int34.ddns.net\/habitat\/#website","url":"https:\/\/int34.ddns.net\/habitat\/","name":"Infradesign l&#039;infrarouge long design","description":"L&#039;expert de l&#039;infrarouge long, chauffage infrarouges","publisher":{"@id":"https:\/\/int34.ddns.net\/habitat\/#organization"},"potentialAction":[{"@type":"SearchAction","target":{"@type":"EntryPoint","urlTemplate":"https:\/\/int34.ddns.net\/habitat\/?s={search_term_string}"},"query-input":{"@type":"PropertyValueSpecification","valueRequired":true,"valueName":"search_term_string"}}],"inLanguage":"fr-FR"},{"@type":"Organization","@id":"https:\/\/int34.ddns.net\/habitat\/#organization","name":"LH Diffusion - Les Habitats","url":"https:\/\/int34.ddns.net\/habitat\/","logo":{"@type":"ImageObject","inLanguage":"fr-FR","@id":"https:\/\/int34.ddns.net\/habitat\/#\/schema\/logo\/image\/","url":"https:\/\/habitat-ecologique.int34.fr\/wp-content\/uploads\/2022\/01\/logo.png","contentUrl":"https:\/\/habitat-ecologique.int34.fr\/wp-content\/uploads\/2022\/01\/logo.png","width":380,"height":115,"caption":"LH Diffusion - Les Habitats"},"image":{"@id":"https:\/\/int34.ddns.net\/habitat\/#\/schema\/logo\/image\/"}}]}},"_links":{"self":[{"href":"https:\/\/int34.ddns.net\/habitat\/wp-json\/wp\/v2\/pages\/882","targetHints":{"allow":["GET"]}}],"collection":[{"href":"https:\/\/int34.ddns.net\/habitat\/wp-json\/wp\/v2\/pages"}],"about":[{"href":"https:\/\/int34.ddns.net\/habitat\/wp-json\/wp\/v2\/types\/page"}],"author":[{"embeddable":true,"href":"https:\/\/int34.ddns.net\/habitat\/wp-json\/wp\/v2\/users\/1"}],"replies":[{"embeddable":true,"href":"https:\/\/int34.ddns.net\/habitat\/wp-json\/wp\/v2\/comments?post=882"}],"version-history":[{"count":16,"href":"https:\/\/int34.ddns.net\/habitat\/wp-json\/wp\/v2\/pages\/882\/revisions"}],"predecessor-version":[{"id":943,"href":"https:\/\/int34.ddns.net\/habitat\/wp-json\/wp\/v2\/pages\/882\/revisions\/943"}],"wp:attachment":[{"href":"https:\/\/int34.ddns.net\/habitat\/wp-json\/wp\/v2\/media?parent=882"}],"curies":[{"name":"wp","href":"https:\/\/api.w.org\/{rel}","templated":true}]}}